e?
False
Is 3371878397 prime?
True
Is 2893067119 a prime number?
True
Is 90282541 a prime number?
True
Is 4269400931 composite?
False
Is 13128490087 a prime number?
True
Is 1055951879 a composite number?
False
Is 904558631 a composite number?
True
Is 5379972361 a prime number?
False
Is 20515814401 composite?
False
Is 487240667 a prime number?
True
Is 73253223859 composite?
True
Is 1216405649 a composite number?
False
Is 6087154 a prime number?
False
Is 203346421 a composite number?
False
Is 26500202 prime?
False
Is 4371403769 a prime number?
False
Is 638612851 prime?
True
Is 10659560957 composite?
True
Is 442676657 a prime number?
False
Is 106744844303 composite?
False
Is 8189127227 a prime number?
True
Is 13045780207 composite?
False
Is 53957637751 composite?
False
Is 377616607 a prime number?
True
Is 36023678827 a composite number?
True
Is 8849887589 a prime number?
False
Is 81927355343 a composite number?
True
Is 2515771903 a composite number?
False
Is 49690528037 prime?
True
Is 557908501 composite?
True
Is 861876947 composite?
False
Is 17474288927 a prime number?
False
Is 141454686649 a composite number?
True
Is 1863450671 a prime number?
True
Is 20897652859 a prime number?
True
Is 1710683473 a composite number?
False
Is 46353495647 a composite number?
False
Is 1932337459 prime?
False
Is 1745714693 composite?
False
Is 7560328613 a prime number?
False
Is 213709877 composite?
True
Is 9999697 a prime number?
False
Is 548847979 prime?
False
Is 536194583 a prime number?
True
Is 340676177 composite?
False
Is 2329599533 prime?
True
Is 844769455 prime?
False
Is 1780094567 prime?
False
Is 73308017 composite?
False
Is 15883526497 prime?
True
Is 578138449 composite?
True
Is 1450107073 composite?
True
Is 5537350679 a prime number?
False
Is 4976211431 a composite number?
False
Is 11123325007 prime?
True
Is 2810557549 composite?
False
Is 532290667 composite?
False
Is 8054706801 a prime number?
False
Is 144310813 prime?
True
Is 75409710091 prime?
True
Is 2826219289 a composite number?
False
Is 929612533 composite?
True
Is 1521488095 a composite number?
True
Is 35710072549 prime?
True
Is 3420672019 a prime number?
True
Is 5408814887 prime?
False
Is 92109265943 a composite number?
True
Is 3635993 prime?
False
Is 14856923177 composite?
False
Is 2236021133 a composite number?
True
Is 716691121 composite?
True
Is 776350739 a prime number?
False
Is 39535326997 a prime number?
True
Is 30261285037 prime?
True
Is 6626188061 composite?
False
Is 121243013 prime?
True
Is 86666831 composite?
False
Is 9207154531 prime?
True
Is 950115581 composite?
True
Is 1739452259 a prime number?
True
Is 3500868782 composite?
True
Is 10290817123 a composite number?
True
Is 2527173331 composite?
True
Is 1303497842 a composite number?
True
Is 984864241 a composite number?
False
Is 725585377 composite?
True
Is 539340731 composite?
True
Is 11014980841 a composite number?
False
Is 5573329559 a prime number?
False
Is 683035505 a composite number?
True
Is 6236590431 composite?
True
Is 10923032459 a composite number?
False
Is 1564164029 a composite number?
False
Is 4459502533 prime?
True
Is 2016319309 composite?
True
Is 2012127713 prime?
False
Is 80031145747 a composite number?
True
Is 597956971 prime?
False
Is 493731983 a composite number?
False
Is 2886788771 a composite number?
False
Is 1331843753 composite?
False
Is 77781779 composite?
False
Is 10406900887 composite?
False
Is 22155394699 a composite number?
True
Is 1637756957 a prime number?
True
Is 8033458793 prime?
True
Is 294237417 composite?
True
Is 5878238095 a prime number?
False
Is 15916520146 a composite number?
True
Is 689179831 a prime number?
False
Is 10406104745 composite?
True
Is 8445680497 a composite number?
True
Is 2051213959 prime?
False
Is 3572487299 prime?
False
Is 65202359401 a composite number?
False
Is 15408962003 composite?
False
Is 394469489 a prime number?
False
Is 1847064833 prime?
False
Is 33388243783 a composite number?
True
Is 47352668417 composite?
False
Is 748607149 a composite number?
False
Is 7616433859 composite?
False
Is 1241356553 a composite number?
True
Is 266048447 a prime number?
False
Is 24648377002 prime?
False
Is 143206549 prime?
False
Is 5095287937 prime?
False
Is 11847742129 prime?
False
Is 2422199993 a composite number?
False
Is 1396076491 prime?
False
Is 306004079 a prime number?
False
Is 5643712573 prime?
True
Is 35589607 prime?
False
Is 484391821 a prime number?
True
Is 6111918569 a composite number?
False
Is 5995289 composite?
True
Is 359967773 prime?
False
Is 885340877 a composite number?
False
Is 5375533199 prime?
False
Is 2369375633 prime?
True
Is 38839331749 a composite number?
False
Is 1394717693 composite?
True
Is 1022929469 prime?
True
Is 372021953 a prime number?
True
Is 410096041 a composite number?
True
Is 12100774079 a composite number?
False
Is 983333621 a composite number?
False
Is 10049798783 composite?
False
Is 1162793791 composite?
False
Is 1214476841 composite?
False
Is 422184985969 prime?
True
Is 4811034859 prime?
False
Is 258285593 a prime number?
True
Is 76002406687 prime?
False
Is 10520055427 a composite number?
True
Is 671430619 composite?
False
Is 23076013501 prime?
True
Is 448271951 a composite number?
True
Is 3131973557 composite?
False
Is 240871907 a composite number?
False
Is 215231503 prime?
False
Is 4895131159 a prime number?
True
Is 611029411 prime?
False
Is 41266907707 prime?
True
Is 400816969 prime?
False
Is 112712598805 composite?
True
Is 265601407 prime?
True
Is 556119103 composite?
True
Is 4871220181 composite?
False
Is 35606414581 a prime number?
True
Is 7543328027 prime?
False
Is 10898914193 a composite number?
False
Is 2712244201 composite?
False
Is 44861407 a prime number?
True
Is 741424627 prime?
True
Is 3586252781 a composite number?
True
Is 6995516587 a composite number?
True
Is 451809893 composite?
False
Is 655909217 a prime number?
True
Is 7417935779 a prime number?
False
Is 325818797 composite?
True
Is 77326535887 a composite number?
True
Is 48370755293 a prime number?
False
Is 43435458631 composite?
False
Is 203170447 a composite number?
True
Is 94828859897 a composite number?
True
Is 5690909143 a composite number?
False
Is 17564950567 prime?
True
Is 3244673423 prime?
True
Is 5330605459 prime?
False
Is 1614266509 a composite number?
False
Is 106142450551 a prime number?
True
Is 8347667947 composite?
True
Is 520570553 a prime number?
False
Is 264249199 composite?
True
Is 62884639 a prime number?
True
Is 334982017 a composite number?
False
Is 1434637745 a prime number?
False
Is 11317791311 a prime number?
True
Is 13366659151 a prime number?
True
Is 19663041997 prime?
True
Is 13061265271 a composite number?
True
Is 1520902693 a composite number?
False
Is 16438061 prime?
False
Is 40700682487 a composite number?
True
Is 11606852191 a composite number?
True
Is 83453597 composite?
False
Is 13101138283 prime?
True
Is 9666369841 composite?
True
Is 45688719443 prime?
True
Is 12998069009 prime?
False
Is 7625942869 a composite number?
False
Is 164130440731 a composite number?
True
Is 2128131365 a composite number?
True
Is 373630981 composite?
True
Is 1175150657 prime?
True
Is 2300354479 a composite number?
True
Is 935110249 prime?
False
Is 3810546821 prime?
False
Is 12510425263 composite?
True
Is 1915573211 prime?
False
Is 47669391206 composite?
True
Is 33185348293 prime?
False
Is 145605614433 a composite number?
True
Is 2845188007 a prime number?
True
Is 1841762753 a composite number?
False
Is 4561012759 a prime number?
False
Is 19957303 a composite number?
True
Is 25547377319 a prime number?
True
Is 24811250017 prime?
False
Is 149254703 prime?
False
Is 127535537 prime?
True
Is 1244771813 a composite number?
False
Is 3934532639 prime?
True
Is 104428931 a composite number?
False
Is 11404939079 a prime number?
True
Is 301198421 composite?
True
Is 3891211681 prime?
False
Is 60969457 composite?
False
Is 35193328085 a prime number?
False
Is 57961165793 a composite number?
False
Is 8684962687 a composite number?
False
Is 54721104773 composite?
False
Is 213290849 prime?
True
Is 9652702555 a prime number?
False
Is 3748346449 composite?
False
Is 1838304289 a prime number?
False
Is 951961187 prime?
False
Is 6836318537 a prime number?
False
Is 256838447447 com